
{"id":67,"date":"2019-05-06T19:24:58","date_gmt":"2019-05-06T17:24:58","guid":{"rendered":"http:\/\/www.cooperativaimpronta.it\/?page_id=67"},"modified":"2021-05-27T16:27:54","modified_gmt":"2021-05-27T14:27:54","slug":"attivita-socializzanti","status":"publish","type":"page","link":"https:\/\/www.cooperativaimpronta.it\/?page_id=67","title":{"rendered":"Attivit\u00e0 Socializzanti"},"content":{"rendered":"\n<div class=\"wp-block-image\"><figure class=\"aligncenter size-large is-resized\"><img loading=\"lazy\" decoding=\"async\" src=\"http:\/\/www.cooperativaimpronta.it\/wp-content\/uploads\/attivita-socializzanti.png\" alt=\"\" class=\"wp-image-283\" width=\"330\" height=\"198\" srcset=\"https:\/\/www.cooperativaimpronta.it\/wp-content\/uploads\/attivita-socializzanti.png 500w, https:\/\/www.cooperativaimpronta.it\/wp-content\/uploads\/attivita-socializzanti-300x180.png 300w\" sizes=\"auto, (max-width: 330px) 100vw, 330px\" \/><\/figure><\/div>\n\n\n\n<p><strong>Momenti di socializzazione<\/strong><\/p>\n\n\n\n<p>La vita comunitaria prevede\nanche dei momenti che facilitino lo sviluppo e il consolidamento delle\nrelazioni tra pari, non rigidamente strutturati, come la visione di film a\ntema, i giochi (carte, giochi da tavola, merende ecc.), i confronti tra i\nragazzi e gli operatori su differenti temi.<\/p>\n\n\n\n<p><strong>Attivit\u00e0\ndi gruppo Life skills<\/strong><br>\nQueste attivit\u00e0 permettono,\nattraverso una metodologia esperienziale e ludica, di aprire uno spazio di\nriflessione ed elaborazione&nbsp; dei vissuti dei ragazzi, sia rispetto a ci\u00f2\nche avviene all\u2019interno della struttura, sia in relazione ai \u201ctemi caldi\u201d della\nloro vita al di fuori della struttura (famiglia, relazioni\ninterpersonali,&nbsp; sessualit\u00e0, modalit\u00e0 di comunicazione, espressione di s\u00e9\necc.). La metodologia applicata (Life Skills education) si propone di\nmigliorare il benessere psico \u2013sociale degli adolescenti tramite&nbsp;\nl\u2019apprendimento di abilit\u00e0 utili per la gestione dell\u2019emotivit\u00e0 e delle\nrelazioni sociali.<\/p>\n","protected":false},"excerpt":{"rendered":"<p>Momenti di socializzazione La vita comunitaria prevede anche dei momenti che facilitino lo sviluppo e il consolidamento delle relazioni tra pari, non rigidamente strutturati, come la visione di film a tema, i giochi (carte, giochi da tavola, merende ecc.), i confronti tra i ragazzi e gli operatori su differenti temi. Attivit\u00e0 di gruppo Life skills [&hellip;]<\/p>\n","protected":false},"author":2,"featured_media":0,"parent":0,"menu_order":0,"comment_status":"closed","ping_status":"closed","template":"","meta":{"om_disable_all_campaigns":false,"_monsterinsights_skip_tracking":false,"_monsterinsights_sitenote_active":false,"_monsterinsights_sitenote_note":"","_monsterinsights_sitenote_category":0,"_uf_show_specific_survey":0,"_uf_disable_surveys":false,"footnotes":""},"class_list":["post-67","page","type-page","status-publish","hentry"],"aioseo_notices":[],"_links":{"self":[{"href":"https:\/\/www.cooperativaimpronta.it\/index.php?rest_route=\/wp\/v2\/pages\/67","targetHints":{"allow":["GET"]}}],"collection":[{"href":"https:\/\/www.cooperativaimpronta.it\/index.php?rest_route=\/wp\/v2\/pages"}],"about":[{"href":"https:\/\/www.cooperativaimpronta.it\/index.php?rest_route=\/wp\/v2\/types\/page"}],"author":[{"embeddable":true,"href":"https:\/\/www.cooperativaimpronta.it\/index.php?rest_route=\/wp\/v2\/users\/2"}],"replies":[{"embeddable":true,"href":"https:\/\/www.cooperativaimpronta.it\/index.php?rest_route=%2Fwp%2Fv2%2Fcomments&post=67"}],"version-history":[{"count":7,"href":"https:\/\/www.cooperativaimpronta.it\/index.php?rest_route=\/wp\/v2\/pages\/67\/revisions"}],"predecessor-version":[{"id":324,"href":"https:\/\/www.cooperativaimpronta.it\/index.php?rest_route=\/wp\/v2\/pages\/67\/revisions\/324"}],"wp:attachment":[{"href":"https:\/\/www.cooperativaimpronta.it\/index.php?rest_route=%2Fwp%2Fv2%2Fmedia&parent=67"}],"curies":[{"name":"wp","href":"https:\/\/api.w.org\/{rel}","templated":true}]}}